 4*q**2 - 238*q + 2153. Calculate a(43).
-685
Let b(m) = -474*m**2 - 487*m - 28. Calculate b(-1).
-15
Let v(i) = -2*i**3 + 19*i**2 + 21*i - 29. Calculate v(10).
81
Let n(r) = -1342*r - 114085. Give n(-85).
-15
Let k(m) = -1159*m - 12438. Give k(-12).
1470
Let t(d) = -35412*d - 247881. Give t(-7).
3
Let p(l) = -l**3 + 2*l**2 - 748*l + 2249. Calculate p(3).
-4
Let i(x) = -2*x**2 - 1619*x - 251024. Determine i(-209).
-15
Let q(w) = w**3 + 82*w**2 - 2052*w - 1232. Calculate q(-102).
-8
Let t(c) = -5*c**2 + 7675*c + 7674. Determine t(-1).
-6
Let k(y) = -6*y**3 - 451*y**2 - 69*y - 24. Determine k(-75).
-474
Let b(h) = 270*h**2 - 29975*h - 145. Calculate b(111).
-700
Let p(m) = m**2 + 498*m + 6678. Determine p(-14).
-98
Let l(k) = -3*k**3 - 441*k**2 - 545*k - 15616. Determine l(-146).
6
Let n(i) = -1764*i - 377497. Calculate n(-214).
-1
Let n(x) = -22*x**3 - 8425*x**2 + 386*x + 1146. Give n(-383).
-3
Let p(m) = -3*m**3 - 7*m**2 - 35*m - 310. Determine p(-7).
621
Let c(m) = -3170*m - 69777. What is c(-22)?
-37
Let m(u) = -u**3 - 480*u**2 - 5239*u - 37594. Give m(-469).
-74
Let t(b) = 7*b**3 + 1798*b**2 - 1808*b + 10. Calculate t(1).
7
Let b(n) = n**3 - 348*n**2 - 5067*n - 371. What is b(362)?
-9
Let u(b) = 43377*b + 27. Calculate u(0).
27
Let s(g) = -g**3 + 1246*g**2 + 26595*g - 252. Calculate s(-21).
0
Let o(y) = -36968*y + 8650518. Determine o(234).
6
Let h(g) = 280*g - 13692. Determine h(53).
1148
Let y(v) = v**3 + 2*v**2 + 402*v + 6236. What is y(-12)?
-28
Let s(m) = 7*m**3 + 4746*m**2 + 8*m + 5438. Determine s(-678).
14
Let j(w) = 25*w**3 + 7*w**2 + 678*w + 3333. Calculate j(-5).
-3007
Let m(n) = -188*n**2 - 88*n + 1428. Calculate m(-3).
0
Let r(v) = -40*v - 3203. Determine r(-27).
-2123
Let r(a) = 6569*a + 111692. Determine r(-17).
19
Let w(f) = 171676*f + 1029953. Determine w(-6).
-103
Let y(k) = 375*k**2 - 27*k - 57. Calculate y(3).
3237
Let x(l) = -932*l**2 + 65242*l - 71. Give x(70).
69
Let u(i) = -549*i + 219712. Give u(401).
-437
Let y(w) = 8675*w - 138792. Calculate y(16).
8
Let k(z) = 9218*z - 368653. Calculate k(40).
67
Let q(w) = 21*w**3 - 760*w**2 + 150*w - 232. Give q(36).
-16
Let w(g) = 20944*g + 356062. Calculate w(-17).
14
Let j(y) = -y**2 + 205*y + 13828. What is j(-53)?
154
Let x(k) = 82*k**3 - 14*k**2 + 18*k + 21. What is x(-1)?
-93
Let x(y) = -267*y**2 - 17964*y - 5009. What is x(-67)?
16
Let b(q) = -6274*q + 169417. What is b(27)?
19
Let d(z) = z**3 - 2568*z**2 + 10226*z + 117. Give d(4).
-3
Let u(f) = 2*f**2 - 121*f - 927. Give u(-8).
169
Let k(g) = -g**3 - 6*g**2 + 13164*g + 65820. What is k(-5)?
-25
Let s(i) = 2298*i + 36184. Give s(-16).
-584
Let z(q) = -2*q**3 + 1410*q**2 - 28724*q - 78. Calculate z(21).
6
Let m(r) = 5325*r - 4074. What is m(1)?
1251
Let l(d) = 124*d**2 + 938*d - 28. What is l(-8)?
404
Let a(m) = 2*m**3 + 14*m**2 - 675*m - 5560. Determine a(-8).
-288
Let p(u) = 3*u**3 - 187*u**2 - 149*u + 99. What is p(63)?
-1350
Let v(m) = 33*m**2 + 4532*m + 53347. What is v(-13)?
8
Let x(i) = -2*i**3 - 80*i**2 - 24*i - 78. Calculate x(0).
-78
Let l(y) = y**2 + y - 2007. Determine l(-46).
63
Let l(b) = b**2 - 498*b - 17006. Calculate l(-32).
-46
Let d(b) = -23118*b - 92475. What is d(-4)?
-3
Let a(u) = 6815*u + 1812812. Calculate a(-266).
22
Let s(j) = -2*j**3 + 1002*j**2 - 110537*j + 209. Determine s(337).
-128
Let z(d) = -d**3 + 223*d**2 + 10795*d - 827. Calculate z(-41).
362
Let q(z) = -818*z - 514612. What is q(-629)?
-90
Let u(v) = 184*v**2 - 101386*v + 729. What is u(551)?
-373
Let d(r) = 711*r + 36456. Give d(-51).
195
Let h(q) = 249*q + 22449. Give h(-89).
288
Let h(n) = 28*n**2 + 18970*n - 47578. Calculate h(-680).
22
Let k(a) = 2126*a + 423153. Calculate k(-199).
79
Let t(m) = -m**3 - 442*m**2 - 1284*m + 14719. What is t(-439)?
232
Let r(c) = 2*c**2 - 74*c + 216. Determine r(38).
292
Let w(s) = 8*s**3 - 75*s**2 + 44*s - 13. Calculate w(8).
-365
Let n(z) = 18*z**2 - 1392*z + 9237. Give n(70).
-3
Let l(b) = -9*b**2 - 1924*b - 1921. Calculate l(-1).
-6
Let v(a) = -2896*a + 60810. What is v(20)?
2890
Let w(b) = -3*b**3 - 2817*b**2 - 5637*b - 1. Give w(-2).
29
Let i(d) = d**3 - 43*d**2 + 136*d + 336. Give i(6).
-180
Let l(s) = -s**3 - 32*s**2 + 513*s + 16844. What is l(-31)?
-20
Let o(u) = -5*u**3 - 18*u**2 + 44*u + 52. What is o(-1)?
-5
Let k(m) = -m**3 - 20*m**2 + 2012*m + 36842. Give k(-18).
-22
Let r(y) = 145711*y + 1457064. Give r(-10).
-46
Let z(f) = 34*f - 85. What is z(12)?
323
Let c(p) = 3*p**2 - 2138*p - 92720. Calculate c(-41).
-19
Let g(x) = -14*x**2 - 7848*x + 88015. Calculate g(11).
-7
Let f(j) = 204*j + 1018. Give f(-5).
-2
Let t(u) = -16*u**3 - 6*u**2 + 12*u - 11. What is t(3)?
-461
Let y(v) = -5536*v - 5133. Give y(-1).
403
Let d(p) = 13*p**2 - 363*p + 712. Determine d(2).
38
Let b(l) = -5*l**3 + 60*l**2 + 227*l - 84. Calculate b(15).
-54
Let n(u) = -2*u**3 + 14*u**2 + 172*u - 59. Determine n(13).
149
Let d(q) = -3236077*q - 16180417. What is d(-5)?
-32
Let a(l) = -12*l**3 + 291*l**2 - 104*l - 5561. Determine a(23).
-18
Let m(c) = 2*c**3 - 1982*c**2 + 15718*c + 55. Calculate m(8).
-25
Let s(o) = 65*o**2 - 116*o + 99. What is s(1)?
48
Let h(c) = -145*c**3 + 298*c**2 - 134*c + 244. What is h(2)?
8
Let h(n) = 3*n**3 - 50*n**2 - 114*n - 1620. Calculate h(20).
100
Let i(f) = f**2 + 281*f - 25410. Calculate i(-353).
6
Let s(p) = -23962*p - 95746. Determine s(-4).
102
Let x(l) = 40801*l + 448817. What is x(-11)?
6
Let g(t) = 2689*t - 59481. Determine g(22).
-323
Let a(r) = -6*r**2 - 808*r + 910. What is a(-136)?
-178
Let h(i) = i**3 - 6*i**2 + 151*i - 840. Give h(6).
66
Let c(f) = 2*f**3 + 107*f**2 - 170*f + 208. Calculate c(-55).
483
Let b(z) = -1807*z**3 - 16263*z**2 - 19*z + 2. Determine b(-9).
173
Let z(r) = -65724*r + 854431. Calculate z(13).
19
Let c(z) = -36*z**2 + 269*z + 91. Calculate c(8).
-61
Let n(i) = -513058*i - 37966297. What is n(-74)?
-5
Let n(x) = -x**3 - 497*x**2 - 3775*x + 67002. Determine n(-489).
9
Let m(o) = -o**3 + 87*o**2 - 253*o + 119. Give m(84).
35
Let f(h) = 2677*h + 1624949. What is f(-607)?
10
Let h(o) = -2*o**2 - 4489*o - 71718. Determine h(-16).
-406
Let h(y) = -2*y**3 - y**2 - 45*y - 394. Determine h(-5).
56
Let p(j) = 2427*j - 2075. Determine p(1).
352
Let g(y) = -11185*y - 12929847. What is g(-1156)?
13
Let g(a) = 46*a - 1339. Give g(32).
133
Let y(n) = 2*n**3 - 103*n**2 + 1198*n + 3106. Calculate y(29).
3
Let z(i) = -3*i**3 + 41*i**2 + 557*i + 18. Calculate z(12).
7422
Let x(h) = 3*h**2 + 1412*h + 16398. Calculate x(-12).
-114
Let z(j) = 2*j**2 - 9150*j + 63939. What is z(7)?
-13
Let u(l) = -2*l**2 - 7703*l - 99915. Calculate u(-13).
-114
Let u(z) = z**3 + 68*z**2 + 112*z - 1371. Determine u(-66).
-51
Let n(z) = 1159*z**2 + 11597*z + 15. What is n(-10)?
-55
Let o(y) = 2*y**2 - 507*y + 10524. Give o(225).
-2301
Let j(w) = 2*w**3 - 19*w**2 + 87*w - 1203. What is j(17)?
4611
Let m(f) = 47663*f + 5052271. Give m(-106).
-7
Let q(w) = w**2 + 953*w + 32201. Calculate q(-35).
71
Let r(j) = 29*j**3 + 251*j**2 - 31*j - 10. Calculate r(-9).
-541
Let x(u) = 694*u + 68131. Determine x(-98).
119
Let b(t) = -197*t + 26782. Calculate b(139).
-601
Let i(p) = -67463*p - 31910012. Give i(-473).
-13
Let y(i) = 903*i + 10971. Determine y(-12).
135
Let p(x) = -36*x**2 + 677*x - 4266. Calculate p(6).
-1500
Let n(o) = -5977*o + 1045994. What is n(175)?
19
Let d(z) = -342*z + 1870. What is d(5)?
160
Let o(a) = a**3 - 33*a**2 - 367. What is o(25)?
-5367
Let m(g) = -2*g**3 - 9*g**2 - 2999*g + 15059. What is m(5)?
-411
Let s(d) = 22*d**2 - 591*d - 21. Calculate s(28).
679
Let n(r) = 1456*r - 211118. What is n(145)?
2
Let o(u) = 5120*u**2 - 102359*u - 819. What is o(20)?
1
Let s(v) = -v**2 + 1694*v + 18756. What is s(-11)?
1
Let v(f) = -f**3 + 45*f**2 - 40*f + 3955. Calculate v(46).
-1
Let a(s) = -3*s**2 + 97*s - 1591. Give a(18).
-817
Let j(h) = 5*h**3 - 308*h**2 + 773*h - 660. Calculate j(59).
-306
Let d(v) = 167106*v - 835465. Determine d(5).
65
Let l(u) = 146*u + 1092. Calculate l(4).
1676
Let y(n) = 2*n**2 - 453*n - 764. Calculate y(228).
-80
Let q(h) = -h**2 - 8008*h - 342492. Calculate q(-43).
3
Let m(r) = 4*r**2 + 551*r - 20136. Give m(30).
-6
Let f(p) = 128*p**2 - 1700*p - 15. Calculate f(13).
-483
Let g(u) = -u**3 + 55*u**2 - 1194*u + 71217. What is g(56)?
1217
Let x(f) = -18*f**3 -